{"id":2089,"date":"2026-03-12T15:48:22","date_gmt":"2026-03-12T15:48:22","guid":{"rendered":"https:\/\/naturschutzsl.ch\/?page_id=2089"},"modified":"2026-03-15T17:49:08","modified_gmt":"2026-03-15T17:49:08","slug":"jahresbericht-2025","status":"publish","type":"page","link":"https:\/\/naturschutzsl.ch\/index.php\/verein\/jahresbericht-2025\/","title":{"rendered":"Jahresbericht 2025"},"content":{"rendered":"<style>.kb-row-layout-id2089_6d9410-7b > .kt-row-column-wrap{align-content:start;}:where(.kb-row-layout-id2089_6d9410-7b > .kt-row-column-wrap) > .wp-block-kadence-column{justify-content:start;}.kb-row-layout-id2089_6d9410-7b > .kt-row-column-wrap{column-gap:var(--global-kb-gap-md, 2rem);row-gap:var(--global-kb-gap-md, 2rem);padding-top:var(--global-kb-spacing-sm, 1.5rem);padding-bottom:var(--global-kb-spacing-sm, 1.5rem);}.kb-row-layout-id2089_6d9410-7b > .kt-row-column-wrap > div:not(.added-for-specificity){grid-column:initial;}.kb-row-layout-id2089_6d9410-7b > .kt-row-column-wrap{grid-template-columns:minmax(0, 1fr) minmax(0, 6fr) minmax(0, 1fr);}.kb-row-layout-id2089_6d9410-7b > .kt-row-layout-overlay{opacity:0.30;}@media all and (max-width: 1024px){.kb-row-layout-id2089_6d9410-7b > .kt-row-column-wrap > div:not(.added-for-specificity){grid-column:initial;}}@media all and (max-width: 1024px){.kb-row-layout-id2089_6d9410-7b > .kt-row-column-wrap{grid-template-columns:minmax(0, 1fr) minmax(0, 6fr) minmax(0, 1fr);}}@media all and (max-width: 767px){.kb-row-layout-id2089_6d9410-7b > .kt-row-column-wrap > div:not(.added-for-specificity){grid-column:initial;}.kb-row-layout-id2089_6d9410-7b > .kt-row-column-wrap{grid-template-columns:minmax(0, 1fr);}}<\/style><div class=\"kb-row-layout-wrap kb-row-layout-id2089_6d9410-7b alignnone wp-block-kadence-rowlayout\"><div class=\"kt-row-column-wrap kt-has-3-columns kt-row-layout-center-exwide kt-tab-layout-inherit kt-mobile-layout-row kt-row-valign-top\">\n<style>.kadence-column2089_dfd06f-43 > .kt-inside-inner-col,.kadence-column2089_dfd06f-43 > .kt-inside-inner-col:before{border-top-left-radius:0px;border-top-right-radius:0px;border-bottom-right-radius:0px;border-bottom-left-radius:0px;}.kadence-column2089_dfd06f-43 > .kt-inside-inner-col{column-gap:var(--global-kb-gap-sm, 1rem);}.kadence-column2089_dfd06f-43 > .kt-inside-inner-col{flex-direction:column;}.kadence-column2089_dfd06f-43 > .kt-inside-inner-col > .aligncenter{width:100%;}.kadence-column2089_dfd06f-43 > .kt-inside-inner-col:before{opacity:0.3;}.kadence-column2089_dfd06f-43{position:relative;}@media all and (max-width: 1024px){.kadence-column2089_dfd06f-43 > .kt-inside-inner-col{flex-direction:column;justify-content:center;}}@media all and (max-width: 767px){.kadence-column2089_dfd06f-43 > .kt-inside-inner-col{flex-direction:column;justify-content:center;}}<\/style>\n<div class=\"wp-block-kadence-column kadence-column2089_dfd06f-43\"><div class=\"kt-inside-inner-col\">\n<p><\/p>\n<\/div><\/div>\n\n\n<style>.kadence-column2089_ab6633-4f > .kt-inside-inner-col,.kadence-column2089_ab6633-4f > .kt-inside-inner-col:before{border-top-left-radius:0px;border-top-right-radius:0px;border-bottom-right-radius:0px;border-bottom-left-radius:0px;}.kadence-column2089_ab6633-4f > .kt-inside-inner-col{column-gap:var(--global-kb-gap-sm, 1rem);}.kadence-column2089_ab6633-4f > .kt-inside-inner-col{flex-direction:column;}.kadence-column2089_ab6633-4f > .kt-inside-inner-col > .aligncenter{width:100%;}.kadence-column2089_ab6633-4f > .kt-inside-inner-col:before{opacity:0.3;}.kadence-column2089_ab6633-4f{position:relative;}@media all and (max-width: 1024px){.kadence-column2089_ab6633-4f > .kt-inside-inner-col{flex-direction:column;justify-content:center;}}@media all and (max-width: 767px){.kadence-column2089_ab6633-4f > .kt-inside-inner-col{flex-direction:column;justify-content:center;}}<\/style>\n<div class=\"wp-block-kadence-column kadence-column2089_ab6633-4f\"><div class=\"kt-inside-inner-col\">\n<h2 class=\"wp-block-heading has-text-align-center\">Jahresbericht NSL 2025<\/h2>\n\n\n\n<div style=\"height:30px\" aria-hidden=\"true\" class=\"wp-block-spacer\"><\/div>\n\n\n\n<p>Liebe Mitglieder<\/p>\n\n\n\n<p>2025 war ein Jahr voller Aktivit\u00e4ten und Neuerungen, welche dank eurem Vertrauen in unseren Verein und den zahlreichen Eins\u00e4tzen erm\u00f6glicht wurden \u2013 herzlichen Dank! Die heimische Flora und Fauna entsch\u00e4digte uns reichlich u.a. mit Nachweisen der Braunroten Stendelwurz, Segelfalter, G\u00e4msen, Luchs und der ersten erfolgreichen Brut der Zaunammer bei H\u00f6fli in Lupsingen.<\/p>\n\n\n\n<p>Die <strong>Jahresversammlung 2025<\/strong> war mit fast 60 Mitgliedern sehr gut besucht \u2013 wir m\u00f6chten uns in diesem Zusammenhang auch herzlich f\u00fcr das grosse Vertrauen bedanken, das ihr uns entgegengebracht habt. Dass ihr den Vorschlag, unseren Verein um die Gemeinde Lupsingen zu vergr\u00f6ssern und in \u00ab<strong>Naturschutz Seltisberg \u2013 Lupsingen\u00bb<\/strong> umzubenennen, einstimmig angenommen habt, freut uns ausserordentlich! Wir hoffen, dass sich weitere Mitglieder auch aus Lupsingen anschliessen werden und wir uns als Verein vermehrt auch in der Gemeinde Lupsingen aktiv f\u00fcr den Naturschutz einsetzen k\u00f6nnen \u2013 es ist mittlerweile schon einiges am Laufen! Den Abschluss der Jahresversammlung 2025 gestaltete Hanspeter Schwob, Mitglied des Naturschutzvereins Liestal, der uns seinen wundersch\u00f6nen Naturfilm mit spektakul\u00e4ren und zeitlich aufw\u00e4ndig produzierten Aufnahmen der einheimischen Tierwelt zeigte.<\/p>\n\n\n\n<p>Ganz bestimmt haben viele Menschen, die gerne Spazierg\u00e4nge durch den Wald in unserer Region unternehmen, in der letzten Zeit wahrgenommen, dass sich der Wald wandelt und mit Sorge auf die vielen F\u00e4llungen der letzten Jahre geschaut. Am 22. M\u00e4rz fand daher ein mit \u00fcber 40 Personen sehr gut besuchter <strong>Anlass zum Thema Wald<\/strong> mit Balz Recher, Revierf\u00f6rster Riedbach, statt. Themen waren das Eschensterben durch Pilzbefall, die klimatischen Ver\u00e4nderungen, welche selbst die ziemlich resistenten Eichenb\u00e4ume herausfordern, die lichtdurchfluteten F\u00f6hrenw\u00e4lder zur F\u00f6rderung von Wildorchideen und die Waldbewohner mit Streicheln verschiedener Felle &#8211; zur Freude der vielen teilnehmenden Kinder. Die Ausf\u00fchrungen von Balz Recher zeigten eindr\u00fccklich auf, wie wichtig die Bestrebungen vom Forst mit Fokus auf standortgerechte, klimaresistentere Baumarten sowie das Anlegen von vielf\u00e4ltig unterschiedlichen Waldhabitaten sind, um die Biodiversit\u00e4t auch in Zukunft zu erhalten und f\u00f6rdern. Den Abschluss der Exkursion bildeten das exakte F\u00e4llen einer Schwarzf\u00f6hre mit K\u00e4ferbefall mit anschliessend gem\u00fctlichem Beisammensein und Mittagessen im wundersch\u00f6nen und \u00e4usserst naturnah gestalteten Privatgarten der NSL-Mitglieder Thomas und Beatrice Martin-Strub.<\/p>\n\n\n\n<p>Etwa ein Dutzend Personen nahmen an der spontanen <strong>Morgenexkursion<\/strong> am 5. April teil. Diese startete in Lupsingen, f\u00fchrte durch Altholzw\u00e4lder und die Buechhalde zur\u00fcck nach Seltisberg. Gesichtet oder geh\u00f6rt wurden u.a. Rotdrosseln, Kleiber, Wald- und Gartenbauml\u00e4ufer, Mittel- Schwarz, Grau- und Gr\u00fcnspechte, der seltene Wiedehopf, Heckenbraunelle und Sperber. Beim gem\u00fctlichen Zn\u00fcni auf dem Rastplatz der Buechhalde hielten wir Ausschau nach weiteren Arten.<\/p>\n\n\n\n<p><\/p>\n\n\n\n<p>Ein n\u00e4chstes Highlight unseres Vereinsjahres war die <strong>Fotoausstellung \u00abHistorisches Seltisberg\u00bb<\/strong> von Karl-Martin Tanner, welche im Mai 2025 im Gemeindezentrum Seltisberg stattfand. An derAusstellung wurden 68 von insgesamt \u00fcber 800 zusammengetragenen und beschrifteten historischen Fotos des Dorfes aus dem vergangenen Jahrhundert gezeigt. Als Co-Tr\u00e4ger und Organisator der Ausstellung war der NSL hocherfreut \u00fcber das rege Interesse an der Ausstellung: \u00fcber 100 Interessierte waren an der Vernissage anzutreffen und \u00fcber 400 weitere Personen besuchten die Ausstellung. Ein grosses Dankesch\u00f6n gilt allen, welche hier zum Gelingen beigetragen haben und Bahar f\u00fcr die Koordination.<\/p>\n\n\n\n<p>Da die Gemeinden Lupsingen und Seltisberg im Mai eifrig Bewegungsminuten f\u00fcr das Coop-Gemeindeduell sammelten, bot der NSL am 17. Mai eine <strong>Spontanexkursion ins Riedbacht\u00e4li<\/strong> unter der Leitung von Simon Keller an. Rund 20 Personen nahmen bei sch\u00f6nem Wetter teil und h\u00f6rten zwei Grauspechte, bestaunten viele Schmetterlinge und erfreuten sich an der Zauneidechsen-Populationen.<\/p>\n\n\n\n<p>Der ganzt\u00e4gige Vereinsausflug f\u00fchrte dieses Jahr ins <strong>Naturschutzgebiet<\/strong> <strong>Wauwilermoos<\/strong> im Kanton Luzern. Ausger\u00fcstet mit Feldstecker, Fernglas und eindr\u00fccklichen Kameras machte sich eine kleine, aber h\u00f6chstinteressierte Gruppe auf die Suche nach Wasserv\u00f6geln und Kiebitzen. Diese haben sich tats\u00e4chlich von ihrer sch\u00f6nsten Seite gezeigt \u2013 seien es die grossen, wundersch\u00f6n im Flug rufenden Kiebitzschw\u00e4rme mit \u00fcber 40 Individuen, eine sich ausgiebig frei sitzend putzende Zwergdommel, die seltene Turteltaube, Rohrschwirl, Sumpf-, Teichrohrs\u00e4nger, ein rufender Kuckuck, Goldammern oder Feldhasen, welche ebenfalls in diesem abwechslungsreichen Naturschutzgebiet unterwegs waren.<\/p>\n\n\n\n<p>Die <strong>Zugvogelbeobachtung<\/strong> fand am 26. Oktober bei der Mehrzweckhalle in Seltisberg statt. Dank turbulentem Wetter gestaltete sich der Singvogelzug spektakul\u00e4r: wegen starkem Gegenwind flogen die Kleinv\u00f6gel nahe dem Boden und liessen sich somit sehr gut von Klein und Gross beobachten. Die Liste an Zugv\u00f6geln an diesem Tag ist imposant und umfasst auch einige bei uns nur selten gesichtete Arten wie Merlin, Wanderfalke und 5 Kraniche. Insgesamt wurden 45 verschiedene Vogelarten beobachtet.<\/p>\n\n\n\n<p>Diverse <strong>Naturschutz-Eins\u00e4tze<\/strong> fanden auch dieses Jahr statt, viele davon sind j\u00e4hrlich wiederkehrende Eins\u00e4tze wie die Pflege von Gebieten rund um den Galms, die Pflege von Hecken und das W\u00e4ssern von gewissen Ruderalstreifen, das Nistkastenputzen oder der Neophyten-Anlass der B\u00fcrgergemeinde Seltisberg auf der Buechhalde, bei welchem besonders viele Mitglieder unseres Vereins tatkr\u00e4ftig mitanpackten \u2013 herzlichen Dank f\u00fcr eure wertvollen Eins\u00e4tze!<\/p>\n\n\n\n<p>Auch das <strong>Artenf\u00f6rderprojekt unterhalb vom \u00abHeime auf Berg\u00bb <\/strong>auf dem Land der Stiftung cura familia wurde weiter vorangetrieben: Die Teiche sind praktisch fertig gestellt, die gepflanzten B\u00fcsche und B\u00e4ume wachsen gut an und wir hoffen auf weiterhin regen Besuch durch Wildtiere. Kleine Bergmolche schl\u00fcpften bereits 2025 in den Teichen, wo auch diverse V\u00f6gel badeten und tranken. Rundherum flogen Schmetterlinge wie der Weisse Waldportier und besiedelten unz\u00e4hlige Heuschrecken die durch Tabea und Michael Haupt im August absichtlich sp\u00e4t und in Teilabschnitten geschnittenen Wiesen.<\/p>\n\n\n\n<p>Ein kleiner <strong>Ausblick<\/strong>: aktuell ist die MerNaturNaturschutzbiologie GmbH, Therwil bei uns im Auftrag von Birdlife Schweiz aktiv und hat nach Aufruf vom NSL auch schon ein paar Adressen von Kulturlandeigent\u00fcmern vermittelt erhalten, die sich bei uns am Artenf\u00f6rderprogramm f\u00fcr Gartenrotschwanz &amp; Co. beteiligen m\u00f6chten, wie bspw. unsere NSL-Mitglieder Ernst und Sibylle Rudin, die bereits in den Vorjahren mehrere Hochst\u00e4mmer gepflanzt hatten. Weitere interessierte Landeigent\u00fcmer d\u00fcrfen sich gerne beim NSL-Pr\u00e4sidenten oder direkt bei MerNatur melden (Ursina Studer \/ Lukas Merkelbach), wenn sie kostenlos B\u00e4ume, Str\u00e4ucher oder andere Kleinstrukturen auf ihren Landschaftsparzellen angelegt haben m\u00f6chten. Ganz toll ist auch, dass wir das \u00abPerlenketten\u00bb-Projekt f\u00fcr den gef\u00e4hrdeten Gl\u00f6gglifrosch vorantreiben k\u00f6nnen, teilweise auf denselben Grundst\u00fccken wie oben. \u00abIm Grund\u00bb bei Seltisberg, unterst\u00fctzt vom Ebenrain, der B\u00fcrgergemeinde und NUK Seltisberg, baggerte NSL-Neumitglied Niklaus Tanner zudem die einst ziemlich verlandeten Weiher neu aus, wo auch in j\u00fcngster Vergangenheit noch rufende Gl\u00f6gglifr\u00f6sche bemerkt wurden mit Kontakt zu bestehenden Populationen im n\u00e4heren Umfeld. Viele koordiniert miteinander arbeitende H\u00e4nde bewirken Grosses!<\/p>\n\n\n\n<p class=\"has-text-align-center\">Seltisberg, im Januar 2026 \u2013 der Vorstand des NVS<\/p>\n\n\n\n<p><\/p>\n\n\n\n<p><\/p>\n\n\n\n<p style=\"font-size:17px\"><\/p>\n<\/div><\/div>\n\n\n<style>.kadence-column2089_6a66b0-3d > .kt-inside-inner-col,.kadence-column2089_6a66b0-3d > .kt-inside-inner-col:before{border-top-left-radius:0px;border-top-right-radius:0px;border-bottom-right-radius:0px;border-bottom-left-radius:0px;}.kadence-column2089_6a66b0-3d > .kt-inside-inner-col{column-gap:var(--global-kb-gap-sm, 1rem);}.kadence-column2089_6a66b0-3d > .kt-inside-inner-col{flex-direction:column;}.kadence-column2089_6a66b0-3d > .kt-inside-inner-col > .aligncenter{width:100%;}.kadence-column2089_6a66b0-3d > .kt-inside-inner-col:before{opacity:0.3;}.kadence-column2089_6a66b0-3d{position:relative;}@media all and (max-width: 1024px){.kadence-column2089_6a66b0-3d > .kt-inside-inner-col{flex-direction:column;justify-content:center;}}@media all and (max-width: 767px){.kadence-column2089_6a66b0-3d > .kt-inside-inner-col{flex-direction:column;justify-content:center;}}<\/style>\n<div class=\"wp-block-kadence-column kadence-column2089_6a66b0-3d\"><div class=\"kt-inside-inner-col\"><\/div><\/div>\n\n<\/div><\/div>","protected":false},"excerpt":{"rendered":"<p>Jahresbericht NSL 2025 Liebe Mitglieder 2025 war ein Jahr voller Aktivit\u00e4ten und Neuerungen, welche dank eurem Vertrauen in unseren Verein und den zahlreichen Eins\u00e4tzen erm\u00f6glicht wurden \u2013 herzlichen Dank! Die heimische Flora und Fauna entsch\u00e4digte uns reichlich u.a. mit Nachweisen der Braunroten Stendelwurz, Segelfalter, G\u00e4msen, Luchs und der ersten erfolgreichen&#8230;<\/p>\n<p> <a class=\"continue-reading-link\" href=\"https:\/\/naturschutzsl.ch\/index.php\/verein\/jahresbericht-2025\/\"><span><\/span><i class=\"crycon-right-dir\"><\/i><\/a> <\/p>\n","protected":false},"author":1,"featured_media":0,"parent":18,"menu_order":0,"comment_status":"closed","ping_status":"closed","template":"","meta":{"footnotes":""},"class_list":["post-2089","page","type-page","status-publish","hentry"],"_links":{"self":[{"href":"https:\/\/naturschutzsl.ch\/index.php\/wp-json\/wp\/v2\/pages\/2089","targetHints":{"allow":["GET"]}}],"collection":[{"href":"https:\/\/naturschutzsl.ch\/index.php\/wp-json\/wp\/v2\/pages"}],"about":[{"href":"https:\/\/naturschutzsl.ch\/index.php\/wp-json\/wp\/v2\/types\/page"}],"author":[{"embeddable":true,"href":"https:\/\/naturschutzsl.ch\/index.php\/wp-json\/wp\/v2\/users\/1"}],"replies":[{"embeddable":true,"href":"https:\/\/naturschutzsl.ch\/index.php\/wp-json\/wp\/v2\/comments?post=2089"}],"version-history":[{"count":1,"href":"https:\/\/naturschutzsl.ch\/index.php\/wp-json\/wp\/v2\/pages\/2089\/revisions"}],"predecessor-version":[{"id":2091,"href":"https:\/\/naturschutzsl.ch\/index.php\/wp-json\/wp\/v2\/pages\/2089\/revisions\/2091"}],"up":[{"embeddable":true,"href":"https:\/\/naturschutzsl.ch\/index.php\/wp-json\/wp\/v2\/pages\/18"}],"wp:attachment":[{"href":"https:\/\/naturschutzsl.ch\/index.php\/wp-json\/wp\/v2\/media?parent=2089"}],"curies":[{"name":"wp","href":"https:\/\/api.w.org\/{rel}","templated":true}]}}